{"id":5425,"date":"2021-04-13T16:31:13","date_gmt":"2021-04-13T14:31:13","guid":{"rendered":"https:\/\/eftexlogistics.nl\/ueber-uns\/"},"modified":"2021-05-12T14:58:16","modified_gmt":"2021-05-12T12:58:16","slug":"ueber-uns","status":"publish","type":"page","link":"https:\/\/www.eftexlogistics.nl\/de\/ueber-uns\/","title":{"rendered":"\u00dcber uns"},"content":{"rendered":"<div class=\"gb-container gb-container-cd67deb7\"><div class=\"gb-inside-container\">\n<div class=\"gb-grid-wrapper gb-grid-wrapper-22fb59e4\">\n<div class=\"gb-grid-column gb-grid-column-fb706260\"><div class=\"gb-container gb-container-fb706260\"><div class=\"gb-inside-container\">\n\n<h2 class=\"gb-headline gb-headline-5bc45f76 gb-headline-text\">EFTEX Logistics \u2013 clevere Schweiz-Spezialisten<\/h2>\n\n\n\n<div class=\"gb-headline gb-headline-2b2468aa\"><span class=\"gb-icon\"><svg xmlns=\"http:\/\/www.w3.org\/2000\/svg\" viewBox=\"0 0 36.7 3\"><path d=\"M0 0h36.7v3H0z\"><\/path><\/svg><\/span><\/div>\n\n\n\n<p>Schon seit Jahren setzen wir uns mit einer Leidenschaft f\u00fcr den Transport ein, um einen reibungslosen Transport \u00fcber die Schweizer Grenze und zur\u00fcck zu gew\u00e4hrleisten. Wir kennen die Vorschriften und Routen wie unsere Westentasche. J\u00e4hrlich fahren wir etwa 6.000 Mal hoch und runter und die Frequenz nimmt jedes Jahr zu.<\/p>\n\n\n\n<h3 class=\"gb-headline gb-headline-68640de8 gb-headline-text\"><strong>Clever Cargo Management<\/strong><\/h3>\n\n\n\n<p>Unser Spezialistenteam arbeitet t\u00e4glich zusammen daran, unsere Auftraggeber zu entlasten. Das Konzept, das unsere Dienstleistungen einzigartig macht, nennt sich Clever Cargo Management (Cleveres Frachtmanagement). Dieser Ansatz erm\u00f6glicht unseren erstklassigen Service. Den Unterschied werden Sie bei jedem einzelnen Auftrag erleben, denn unsere verschiedenen Disziplinen, jede mit ihren eigenen St\u00e4rken, arbeiten zusammen wie ein Schweizer Taschenmesser:<\/p>\n\n\n\n<figure class=\"wp-block-image size-large\"><img decoding=\"async\" src=\"https:\/\/www.eftexlogistics.nl\/wp-content\/uploads\/\/2021\/04\/zwitserlandtransport_eftex-de.jpg\" alt=\"\" class=\"wp-image-5439\"\/><\/figure>\n\n\n\n<p>Die spezifischen Kenntnisse und Erfahrungen, \u00fcber die unsere Kollegen in puncto Transport aus Benelux in die Schweiz und umgekehrt verf\u00fcgen, ist ein entscheidender Vorteil bei der t\u00e4glichen Abwicklung von Transportauftr\u00e4gen. Sie sind bestens \u00fcber die St\u00e4rken der einzelnen Carrier informiert und haben Zugang zu einem umfangreichen Netzwerk von Transportpartnern.<\/p>\n\n\n\n<p><\/p>\n\n\n\n<p><strong>ISO-Zertifizierung<\/strong><\/p>\n\n\n\n<p>Wir sind nach den folgenden ISO-Normen zertifiziert:<\/p>\n\n\n\n<p><img loading=\"lazy\" decoding=\"async\" width=\"150\" height=\"76\" class=\"wp-image-5430\" style=\"width: 150px;\" src=\"https:\/\/www.eftexlogistics.nl\/wp-content\/uploads\/2021\/02\/0000037996_180340.png\" alt=\"\" srcset=\"https:\/\/www.eftexlogistics.nl\/wp-content\/uploads\/2021\/02\/0000037996_180340.png 717w, https:\/\/www.eftexlogistics.nl\/wp-content\/uploads\/2021\/02\/0000037996_180340-300x152.png 300w\" sizes=\"auto, (max-width: 150px) 100vw, 150px\" \/>\r\nISO 9001 und 14001<\/p>\n\n\n\n<p>M\u00f6chten Sie mehr dazu erfahren, wie wir Sie bei Ihrem Transport aus Benelux in die Schweiz und umgekehrt entlasten k\u00f6nnen? Nehmen Sie dann unverbindlich mit uns Kontakt auf.<\/p>\n\n<\/div><\/div><\/div>\n\n<div class=\"gb-grid-column gb-grid-column-12924e5b\"><div class=\"gb-container gb-container-12924e5b\"><div class=\"gb-inside-container\">\n\n<figure class=\"wp-block-image size-large bottom-border img\"><img loading=\"lazy\" decoding=\"async\" width=\"768\" height=\"1024\" src=\"https:\/\/www.eftexlogistics.nl\/wp-content\/uploads\/2021\/02\/unnamed-1-768x1024.jpg\" alt=\"\" class=\"wp-image-5255\" srcset=\"https:\/\/www.eftexlogistics.nl\/wp-content\/uploads\/2021\/02\/unnamed-1-768x1023.jpg 768w, https:\/\/www.eftexlogistics.nl\/wp-content\/uploads\/2021\/02\/unnamed-1-225x300.jpg 225w, https:\/\/www.eftexlogistics.nl\/wp-content\/uploads\/2021\/02\/unnamed-1-1153x1536.jpg 1153w, https:\/\/www.eftexlogistics.nl\/wp-content\/uploads\/2021\/02\/unnamed-1.jpg 1200w\" sizes=\"auto, (max-width: 768px) 100vw, 768px\" \/><\/figure>\n\n<\/div><\/div><\/div>\n<\/div>\n<\/div><\/div>\n\n<div class=\"gb-container gb-container-e6eabae9\"><div class=\"gb-inside-container\"><\/div><\/div>\n\n\n<div style=\"height:100px\" aria-hidden=\"true\" class=\"wp-block-spacer\"><\/div>\n","protected":false},"excerpt":{"rendered":"","protected":false},"author":1,"featured_media":0,"parent":0,"menu_order":900,"comment_status":"closed","ping_status":"closed","template":"","meta":{"_acf_changed":false,"inline_featured_image":false,"footnotes":""},"class_list":["post-5425","page","type-page","status-publish"],"acf":[],"yoast_head":"<title>Eftex Logistics \u2013 F\u00fcr Ihren Transport aus Benelux in die Schweiz und umgekehrt<\/title>\n<meta name=\"description\" content=\"Schon seit Jahren setzen wir uns mit einer Leidenschaft f\u00fcr den Transport ein, um einen reibungslosen Transport \u00fcber die Schweizer Grenze und zur\u00fcck zu gew\u00e4hrleisten.\" \/>\n<meta name=\"robots\" content=\"index, follow, max-snippet:-1, max-image-preview:large, max-video-preview:-1\" \/>\n<link rel=\"canonical\" href=\"https:\/\/www.eftexlogistics.nl\/de\/ueber-uns\/\" \/>\n<meta name=\"twitter:label1\" content=\"Gesch\u00e4tzte Lesezeit\" \/>\n\t<meta name=\"twitter:data1\" content=\"2\u00a0Minuten\" \/>\n<script type=\"application\/ld+json\" class=\"yoast-schema-graph\">{\"@context\":\"https:\\\/\\\/schema.org\",\"@graph\":[{\"@type\":\"WebPage\",\"@id\":\"https:\\\/\\\/www.eftexlogistics.nl\\\/de\\\/ueber-uns\\\/\",\"url\":\"https:\\\/\\\/www.eftexlogistics.nl\\\/de\\\/ueber-uns\\\/\",\"name\":\"Eftex Logistics \u2013 F\u00fcr Ihren Transport aus Benelux in die Schweiz und umgekehrt\",\"isPartOf\":{\"@id\":\"https:\\\/\\\/www.eftexlogistics.nl\\\/de\\\/#website\"},\"primaryImageOfPage\":{\"@id\":\"https:\\\/\\\/www.eftexlogistics.nl\\\/de\\\/ueber-uns\\\/#primaryimage\"},\"image\":{\"@id\":\"https:\\\/\\\/www.eftexlogistics.nl\\\/de\\\/ueber-uns\\\/#primaryimage\"},\"thumbnailUrl\":\"https:\\\/\\\/www.eftexlogistics.nl\\\/wp-content\\\/uploads\\\/\\\/2021\\\/04\\\/zwitserlandtransport_eftex-de.jpg\",\"datePublished\":\"2021-04-13T14:31:13+00:00\",\"dateModified\":\"2021-05-12T12:58:16+00:00\",\"description\":\"Schon seit Jahren setzen wir uns mit einer Leidenschaft f\u00fcr den Transport ein, um einen reibungslosen Transport \u00fcber die Schweizer Grenze und zur\u00fcck zu gew\u00e4hrleisten.\",\"breadcrumb\":{\"@id\":\"https:\\\/\\\/www.eftexlogistics.nl\\\/de\\\/ueber-uns\\\/#breadcrumb\"},\"inLanguage\":\"de\",\"potentialAction\":[{\"@type\":\"ReadAction\",\"target\":[\"https:\\\/\\\/www.eftexlogistics.nl\\\/de\\\/ueber-uns\\\/\"]}]},{\"@type\":\"ImageObject\",\"inLanguage\":\"de\",\"@id\":\"https:\\\/\\\/www.eftexlogistics.nl\\\/de\\\/ueber-uns\\\/#primaryimage\",\"url\":\"https:\\\/\\\/www.eftexlogistics.nl\\\/wp-content\\\/uploads\\\/\\\/2021\\\/04\\\/zwitserlandtransport_eftex-de.jpg\",\"contentUrl\":\"https:\\\/\\\/www.eftexlogistics.nl\\\/wp-content\\\/uploads\\\/\\\/2021\\\/04\\\/zwitserlandtransport_eftex-de.jpg\"},{\"@type\":\"BreadcrumbList\",\"@id\":\"https:\\\/\\\/www.eftexlogistics.nl\\\/de\\\/ueber-uns\\\/#breadcrumb\",\"itemListElement\":[{\"@type\":\"ListItem\",\"position\":1,\"name\":\"Start\",\"item\":\"https:\\\/\\\/www.eftexlogistics.nl\\\/de\\\/\"},{\"@type\":\"ListItem\",\"position\":2,\"name\":\"\u00dcber uns\"}]},{\"@type\":\"WebSite\",\"@id\":\"https:\\\/\\\/www.eftexlogistics.nl\\\/de\\\/#website\",\"url\":\"https:\\\/\\\/www.eftexlogistics.nl\\\/de\\\/\",\"name\":\"Eftexlogistics\",\"description\":\"Clever Cargo Management\",\"publisher\":{\"@id\":\"https:\\\/\\\/www.eftexlogistics.nl\\\/de\\\/#organization\"},\"potentialAction\":[{\"@type\":\"SearchAction\",\"target\":{\"@type\":\"EntryPoint\",\"urlTemplate\":\"https:\\\/\\\/www.eftexlogistics.nl\\\/de\\\/?s={search_term_string}\"},\"query-input\":{\"@type\":\"PropertyValueSpecification\",\"valueRequired\":true,\"valueName\":\"search_term_string\"}}],\"inLanguage\":\"de\"},{\"@type\":\"Organization\",\"@id\":\"https:\\\/\\\/www.eftexlogistics.nl\\\/de\\\/#organization\",\"name\":\"Eftexlogistics B.V.\",\"url\":\"https:\\\/\\\/www.eftexlogistics.nl\\\/de\\\/\",\"logo\":{\"@type\":\"ImageObject\",\"inLanguage\":\"de\",\"@id\":\"https:\\\/\\\/www.eftexlogistics.nl\\\/de\\\/#\\\/schema\\\/logo\\\/image\\\/\",\"url\":\"\",\"contentUrl\":\"\",\"caption\":\"Eftexlogistics B.V.\"},\"image\":{\"@id\":\"https:\\\/\\\/www.eftexlogistics.nl\\\/de\\\/#\\\/schema\\\/logo\\\/image\\\/\"}}]}<\/script>","yoast_head_json":{"title":"Eftex Logistics \u2013 F\u00fcr Ihren Transport aus Benelux in die Schweiz und umgekehrt","description":"Schon seit Jahren setzen wir uns mit einer Leidenschaft f\u00fcr den Transport ein, um einen reibungslosen Transport \u00fcber die Schweizer Grenze und zur\u00fcck zu gew\u00e4hrleisten.","robots":{"index":"index","follow":"follow","max-snippet":"max-snippet:-1","max-image-preview":"max-image-preview:large","max-video-preview":"max-video-preview:-1"},"canonical":"https:\/\/www.eftexlogistics.nl\/de\/ueber-uns\/","twitter_misc":{"Gesch\u00e4tzte Lesezeit":"2\u00a0Minuten"},"schema":{"@context":"https:\/\/schema.org","@graph":[{"@type":"WebPage","@id":"https:\/\/www.eftexlogistics.nl\/de\/ueber-uns\/","url":"https:\/\/www.eftexlogistics.nl\/de\/ueber-uns\/","name":"Eftex Logistics \u2013 F\u00fcr Ihren Transport aus Benelux in die Schweiz und umgekehrt","isPartOf":{"@id":"https:\/\/www.eftexlogistics.nl\/de\/#website"},"primaryImageOfPage":{"@id":"https:\/\/www.eftexlogistics.nl\/de\/ueber-uns\/#primaryimage"},"image":{"@id":"https:\/\/www.eftexlogistics.nl\/de\/ueber-uns\/#primaryimage"},"thumbnailUrl":"https:\/\/www.eftexlogistics.nl\/wp-content\/uploads\/\/2021\/04\/zwitserlandtransport_eftex-de.jpg","datePublished":"2021-04-13T14:31:13+00:00","dateModified":"2021-05-12T12:58:16+00:00","description":"Schon seit Jahren setzen wir uns mit einer Leidenschaft f\u00fcr den Transport ein, um einen reibungslosen Transport \u00fcber die Schweizer Grenze und zur\u00fcck zu gew\u00e4hrleisten.","breadcrumb":{"@id":"https:\/\/www.eftexlogistics.nl\/de\/ueber-uns\/#breadcrumb"},"inLanguage":"de","potentialAction":[{"@type":"ReadAction","target":["https:\/\/www.eftexlogistics.nl\/de\/ueber-uns\/"]}]},{"@type":"ImageObject","inLanguage":"de","@id":"https:\/\/www.eftexlogistics.nl\/de\/ueber-uns\/#primaryimage","url":"https:\/\/www.eftexlogistics.nl\/wp-content\/uploads\/\/2021\/04\/zwitserlandtransport_eftex-de.jpg","contentUrl":"https:\/\/www.eftexlogistics.nl\/wp-content\/uploads\/\/2021\/04\/zwitserlandtransport_eftex-de.jpg"},{"@type":"BreadcrumbList","@id":"https:\/\/www.eftexlogistics.nl\/de\/ueber-uns\/#breadcrumb","itemListElement":[{"@type":"ListItem","position":1,"name":"Start","item":"https:\/\/www.eftexlogistics.nl\/de\/"},{"@type":"ListItem","position":2,"name":"\u00dcber uns"}]},{"@type":"WebSite","@id":"https:\/\/www.eftexlogistics.nl\/de\/#website","url":"https:\/\/www.eftexlogistics.nl\/de\/","name":"Eftexlogistics","description":"Clever Cargo Management","publisher":{"@id":"https:\/\/www.eftexlogistics.nl\/de\/#organization"},"potentialAction":[{"@type":"SearchAction","target":{"@type":"EntryPoint","urlTemplate":"https:\/\/www.eftexlogistics.nl\/de\/?s={search_term_string}"},"query-input":{"@type":"PropertyValueSpecification","valueRequired":true,"valueName":"search_term_string"}}],"inLanguage":"de"},{"@type":"Organization","@id":"https:\/\/www.eftexlogistics.nl\/de\/#organization","name":"Eftexlogistics B.V.","url":"https:\/\/www.eftexlogistics.nl\/de\/","logo":{"@type":"ImageObject","inLanguage":"de","@id":"https:\/\/www.eftexlogistics.nl\/de\/#\/schema\/logo\/image\/","url":"","contentUrl":"","caption":"Eftexlogistics B.V."},"image":{"@id":"https:\/\/www.eftexlogistics.nl\/de\/#\/schema\/logo\/image\/"}}]}},"_links":{"self":[{"href":"https:\/\/www.eftexlogistics.nl\/de\/wp-json\/wp\/v2\/pages\/5425","targetHints":{"allow":["GET"]}}],"collection":[{"href":"https:\/\/www.eftexlogistics.nl\/de\/wp-json\/wp\/v2\/pages"}],"about":[{"href":"https:\/\/www.eftexlogistics.nl\/de\/wp-json\/wp\/v2\/types\/page"}],"author":[{"embeddable":true,"href":"https:\/\/www.eftexlogistics.nl\/de\/wp-json\/wp\/v2\/users\/1"}],"replies":[{"embeddable":true,"href":"https:\/\/www.eftexlogistics.nl\/de\/wp-json\/wp\/v2\/comments?post=5425"}],"version-history":[{"count":0,"href":"https:\/\/www.eftexlogistics.nl\/de\/wp-json\/wp\/v2\/pages\/5425\/revisions"}],"wp:attachment":[{"href":"https:\/\/www.eftexlogistics.nl\/de\/wp-json\/wp\/v2\/media?parent=5425"}],"curies":[{"name":"wp","href":"https:\/\/api.w.org\/{rel}","templated":true}]}}

Über uns

<div class="gb-container gb-container-cd67deb7"><div class="gb-inside-container">
<div class="gb-grid-wrapper gb-grid-wrapper-22fb59e4">
<div class="gb-grid-column gb-grid-column-fb706260"><div class="gb-container gb-container-fb706260"><div class="gb-inside-container">

<h2 class="gb-headline gb-headline-5bc45f76 gb-headline-text">EFTEX Logistics – clevere Schweiz-Spezialisten</h2>



<div class="gb-headline gb-headline-2b2468aa"><span class="gb-icon"><svg xmlns="http://www.w3.org/2000/svg" viewBox="0 0 36.7 3"><path d="M0 0h36.7v3H0z"></path></svg></span></div>



<p>Schon seit Jahren setzen wir uns mit einer Leidenschaft für den Transport ein, um einen reibungslosen Transport über die Schweizer Grenze und zurück zu gewährleisten. Wir kennen die Vorschriften und Routen wie unsere Westentasche. Jährlich fahren wir etwa 6.000 Mal hoch und runter und die Frequenz nimmt jedes Jahr zu.</p>



<h3 class="gb-headline gb-headline-68640de8 gb-headline-text"><strong>Clever Cargo Management</strong></h3>



<p>Unser Spezialistenteam arbeitet täglich zusammen daran, unsere Auftraggeber zu entlasten. Das Konzept, das unsere Dienstleistungen einzigartig macht, nennt sich Clever Cargo Management (Cleveres Frachtmanagement). Dieser Ansatz ermöglicht unseren erstklassigen Service. Den Unterschied werden Sie bei jedem einzelnen Auftrag erleben, denn unsere verschiedenen Disziplinen, jede mit ihren eigenen Stärken, arbeiten zusammen wie ein Schweizer Taschenmesser:</p>



<figure class="wp-block-image size-large"><img decoding="async" src="https://www.eftexlogistics.nl/wp-content/uploads//2021/04/zwitserlandtransport_eftex-de.jpg" alt="" class="wp-image-5439"/></figure>



<p>Die spezifischen Kenntnisse und Erfahrungen, über die unsere Kollegen in puncto Transport aus Benelux in die Schweiz und umgekehrt verfügen, ist ein entscheidender Vorteil bei der täglichen Abwicklung von Transportaufträgen. Sie sind bestens über die Stärken der einzelnen Carrier informiert und haben Zugang zu einem umfangreichen Netzwerk von Transportpartnern.</p>



<p></p>



<p><strong>ISO-Zertifizierung</strong></p>



<p>Wir sind nach den folgenden ISO-Normen zertifiziert:</p>



<p><img loading="lazy" decoding="async" width="150" height="76" class="wp-image-5430" style="width: 150px;" src="https://www.eftexlogistics.nl/wp-content/uploads/2021/02/0000037996_180340.png" alt="" srcset="https://www.eftexlogistics.nl/wp-content/uploads/2021/02/0000037996_180340.png 717w, https://www.eftexlogistics.nl/wp-content/uploads/2021/02/0000037996_180340-300x152.png 300w" sizes="auto, (max-width: 150px) 100vw, 150px" />
ISO 9001 und 14001</p>



<p>Möchten Sie mehr dazu erfahren, wie wir Sie bei Ihrem Transport aus Benelux in die Schweiz und umgekehrt entlasten können? Nehmen Sie dann unverbindlich mit uns Kontakt auf.</p>

</div></div></div>

<div class="gb-grid-column gb-grid-column-12924e5b"><div class="gb-container gb-container-12924e5b"><div class="gb-inside-container">

<figure class="wp-block-image size-large bottom-border img"><img loading="lazy" decoding="async" width="768" height="1024" src="https://www.eftexlogistics.nl/wp-content/uploads/2021/02/unnamed-1-768x1024.jpg" alt="" class="wp-image-5255" srcset="https://www.eftexlogistics.nl/wp-content/uploads/2021/02/unnamed-1-768x1023.jpg 768w, https://www.eftexlogistics.nl/wp-content/uploads/2021/02/unnamed-1-225x300.jpg 225w, https://www.eftexlogistics.nl/wp-content/uploads/2021/02/unnamed-1-1153x1536.jpg 1153w, https://www.eftexlogistics.nl/wp-content/uploads/2021/02/unnamed-1.jpg 1200w" sizes="auto, (max-width: 768px) 100vw, 768px" /></figure>

</div></div></div>
</div>
</div></div>

<div class="gb-container gb-container-e6eabae9"><div class="gb-inside-container"></div></div>


<div style="height:100px" aria-hidden="true" class="wp-block-spacer"></div>

<title>Eftex Logistics – Für Ihren Transport aus Benelux in die Schweiz und umgekehrt</title>
<meta name="description" content="Schon seit Jahren setzen wir uns mit einer Leidenschaft für den Transport ein, um einen reibungslosen Transport über die Schweizer Grenze und zurück zu gewährleisten." />
<meta name="robots" content="index, follow, max-snippet:-1, max-image-preview:large, max-video-preview:-1" />
<link rel="canonical" href="https://www.eftexlogistics.nl/de/ueber-uns/" />
<meta name="twitter:label1" content="Geschätzte Lesezeit" />
	<meta name="twitter:data1" content="2 Minuten" />
<script type="application/ld+json" class="yoast-schema-graph">{"@context":"https:\/\/schema.org","@graph":[{"@type":"WebPage","@id":"https:\/\/www.eftexlogistics.nl\/de\/ueber-uns\/","url":"https:\/\/www.eftexlogistics.nl\/de\/ueber-uns\/","name":"Eftex Logistics – Für Ihren Transport aus Benelux in die Schweiz und umgekehrt","isPartOf":{"@id":"https:\/\/www.eftexlogistics.nl\/de\/#website"},"primaryImageOfPage":{"@id":"https:\/\/www.eftexlogistics.nl\/de\/ueber-uns\/#primaryimage"},"image":{"@id":"https:\/\/www.eftexlogistics.nl\/de\/ueber-uns\/#primaryimage"},"thumbnailUrl":"https:\/\/www.eftexlogistics.nl\/wp-content\/uploads\/\/2021\/04\/zwitserlandtransport_eftex-de.jpg","datePublished":"2021-04-13T14:31:13+00:00","dateModified":"2021-05-12T12:58:16+00:00","description":"Schon seit Jahren setzen wir uns mit einer Leidenschaft für den Transport ein, um einen reibungslosen Transport über die Schweizer Grenze und zurück zu gewährleisten.","breadcrumb":{"@id":"https:\/\/www.eftexlogistics.nl\/de\/ueber-uns\/#breadcrumb"},"inLanguage":"de","potentialAction":[{"@type":"ReadAction","target":["https:\/\/www.eftexlogistics.nl\/de\/ueber-uns\/"]}]},{"@type":"ImageObject","inLanguage":"de","@id":"https:\/\/www.eftexlogistics.nl\/de\/ueber-uns\/#primaryimage","url":"https:\/\/www.eftexlogistics.nl\/wp-content\/uploads\/\/2021\/04\/zwitserlandtransport_eftex-de.jpg","contentUrl":"https:\/\/www.eftexlogistics.nl\/wp-content\/uploads\/\/2021\/04\/zwitserlandtransport_eftex-de.jpg"},{"@type":"BreadcrumbList","@id":"https:\/\/www.eftexlogistics.nl\/de\/ueber-uns\/#breadcrumb","itemListElement":[{"@type":"ListItem","position":1,"name":"Start","item":"https:\/\/www.eftexlogistics.nl\/de\/"},{"@type":"ListItem","position":2,"name":"Über uns"}]},{"@type":"WebSite","@id":"https:\/\/www.eftexlogistics.nl\/de\/#website","url":"https:\/\/www.eftexlogistics.nl\/de\/","name":"Eftexlogistics","description":"Clever Cargo Management","publisher":{"@id":"https:\/\/www.eftexlogistics.nl\/de\/#organization"},"potentialAction":[{"@type":"SearchAction","target":{"@type":"EntryPoint","urlTemplate":"https:\/\/www.eftexlogistics.nl\/de\/?s={search_term_string}"},"query-input":{"@type":"PropertyValueSpecification","valueRequired":true,"valueName":"search_term_string"}}],"inLanguage":"de"},{"@type":"Organization","@id":"https:\/\/www.eftexlogistics.nl\/de\/#organization","name":"Eftexlogistics B.V.","url":"https:\/\/www.eftexlogistics.nl\/de\/","logo":{"@type":"ImageObject","inLanguage":"de","@id":"https:\/\/www.eftexlogistics.nl\/de\/#\/schema\/logo\/image\/","url":"","contentUrl":"","caption":"Eftexlogistics B.V."},"image":{"@id":"https:\/\/www.eftexlogistics.nl\/de\/#\/schema\/logo\/image\/"}}]}</script>

Eftex Logistics – Für Ihren Transport aus Benelux in die Schweiz und umgekehrt

Schon seit Jahren setzen wir uns mit einer Leidenschaft für den Transport ein, um einen reibungslosen Transport über die Schweizer Grenze und zurück zu gewährleisten.
